False
Suppose -2*i + 2*g + 8 = 0, -6*i + i = 5*g. Is 214 - (i + (-4)/(-4)) a composite number?
False
Let z(q) = -25*q - 5. Let m(x) = -124*x - 24. Let b(i) = 5*m(i) - 24*z(i). Let k be b(2). Let l = k - -66. Is l prime?
False
Suppose 2*g - x = -0*x + 5, 0 = g - x. Suppose -2*b + 2*o = -3*o - 15, 0 = -g*o - 15. Suppose 5*u = 4*f + 221 + 226, -4*u + 2*f + 354 = b. Is u composite?
True
Let x(h) = 3*h**3 - 4*h**2 - 10*h - 1. Let w be x(-6). Let i = -476 - w. Is i prime?
True
Let c(f) = 2*f**3 - 4*f**2 + 7. Let z be c(5). Let b = 348 - z. Is b a prime number?
True
Is (-5)/(-4 + (-4 - (-30294)/3788)) a composite number?
True
Is 51281/4 + 78/104 composite?
False
Let o = 20825 + 342. Is o prime?
False
Suppose 26*n = 33*n. Suppose n = 2*o - 5*z - 1027, 0 = -o - 3*o - 4*z + 2096. Is o a prime number?
True
Suppose 5*v = 194 + 126. Suppose 3*o = 5*o - v. Suppose -5*b + 73 = -o. Is b a composite number?
True
Let k = 0 - -4. Suppose 0 = -q - k - 0. Is (0 + (-2)/q)*508 a composite number?
True
Let l = 14 - 17. Is (178 - l) + (6 - 2) prime?
False
Suppose 7 = 4*u - 5. Suppose -5*l - 2*p + 3346 = -l, -3*l + 2505 = -u*p. Suppose -2*w - 2*w = -l. Is w composite?
True
Let s be 968/99 + 1 + (-7)/9. Let x(o) = 8*o**2 + 10*o - 13. Is x(s) a prime number?
True
Let y be -6 - -5 - (1 - 2). Suppose -m - 4*t = -5*m + 1636, m + 3*t - 425 = y. Is m a composite number?
True
Let a = -132 + -5. Let y = a + 492. Is y a prime number?
False
Let u = -14 + 28. Is 56/u - (-1010)/2 prime?
True
Let v(c) = 671*c + 36. Let s be 2/(20/(-6) + 4). Is v(s) a composite number?
True
Suppose -10*i + 20 = -15*i, -3*b = i - 38. Is (-30)/(-105) - (-63766)/b a prime number?
False
Suppose -2*d = -p + 3*d - 464, 2*d - 2389 = 5*p. Is ((-2)/2)/((8/p)/8) prime?
True
Suppose 2*q - 7891 = -5*m, -2*q + m - 11830 = -5*q. Is q a composite number?
False
Suppose -7*d + 245719 = -56499. Is d a composite number?
True
Let a(o) = -o**2 - 7*o + 5. Let g be a(-7). Suppose 100 = -g*x + 1115. Is x prime?
False
Let h = 1924 - -3447. Is h prime?
False
Let f(q) = q**3 - 6*q**2 + 7*q + 6. Let u be f(4). Suppose -1165 = -u*w + 3*a, -3*a + 133 = 2*w - 1050. Is w prime?
True
Suppose 67*t - 1258 = 65*t. Is t composite?
True
Is 1529/2 + (-1 - (-3)/(-6)) a composite number?
True
Let g = -41 - -44. Suppose 0 = -u + z + 922 - 139, -2345 = -g*u + 4*z. Is u a prime number?
True
Let y = 316 + -93. Suppose 2*u - 4*n = 258, -2*u - n + y = 2*n. Is u prime?
False
Let s = 64118 + -44731. Is s a composite number?
False
Let t = -9 - -12. Suppose -2*p = t*p - 785. Is p a prime number?
True
Let j be 10/(-4)*994/(-35). Let m = j - -48. Is m a prime number?
False
Suppose -4*u + 1818 = 3*i - 211, -5 = u. Is i prime?
True
Suppose -6*s + 230865 = 9*s. Is s prime?
True
Let m(r) = -r**3 - r**2 + 7. Let h be m(-3). Let i = -11 + h. Suppose -p + i = -8. Is p composite?
True
Let g = -47 - -117. Is (-3 - g/8 - -1)*-52 a composite number?
True
Let w = 545 + 932. Is w a composite number?
True
Suppose 2*o - 2*d - 20 = -4*d, -45 = -4*o - 5*d. Suppose 2*q - o = q + h, -3*q - 5*h = 9. Suppose -3*b + 1835 = q*b. Is b a composite number?
False
Let i = -5895 + -544. Let a = -4265 - i. Is a prime?
False
Let n(v) be the third derivative of -89/24*v**4 + 0 + 0*v + 2*v**2 + 0*v**3. Is n(-1) prime?
True
Let w(g) = 759*g - 2. Is w(31) composite?
True
Suppose 59*p - 57*p = 8612. Is p prime?
False
Suppose -51*x + 48*x + 3909 = 0. Is x a prime number?
True
Let o be (21/(-2) + 1)*(0 + 2). Let s(p) = p**3 + 22*p**2 - 33*p - 17. Is s(o) a composite number?
False
Suppose -5*v + 3*f + 99669 = 0, 2*f + 3 = -3. Suppose -9*x = -v + 5181. Is x prime?
False
Let j = 40984 - 27867. Is j a composite number?
True
Suppose -4*t = 3*c - 45, -2*t - c - 3*c = -10. Let j = t - 3. Suppose -j = 5*l - 77. Is l composite?
False
Suppose i - 4*r = 126, 0*r = -i - r + 146. Let y = 849 + i. Is y composite?
False
Let t(v) = -4 + 12*v**2 - 1 - 4*v - 16*v**2. Let i be t(7). Let c = -70 - i. Is c composite?
True
Let n be 1972/(-102)*3/2. Let k = -709 - -459. Let r = n - k. Is r a composite number?
True
Let h be (-60)/(-4) - 3 - 4. Suppose -5*c + 38 = h. Is (2 - c) + 165*1 a prime number?
False
Let d = 17 - 13. Let y(s) = 7*s**2 - 6*s + 4. Let i be y(d). Let l = 201 - i. Is l a prime number?
True
Let b be (5 + -2)*(-1160)/(-12). Let d = 1269 - b. Let h = 1652 - d. Is h a prime number?
True
Let o(a) = 2*a**2 + a + 11. Let h be o(-5). Let s = h + 225. Suppose s = 4*c + 21. Is c a prime number?
False
Suppose -257*v - 290939 = -268*v. Is v a prime number?
True
Let x = -581 + 868. Is x a prime number?
False
Suppose 8*b = 3*b - 1920. Let p = -173 - b. Is p prime?
True
Let z be (-45)/9*6/5. Is (-736)/z + (-1)/(-3) prime?
False
Suppose s - 3*s = -5*q - 70, s + 7 = -q. Let l = -7 - q. Suppose 175 = l*o - 5*v - 240, -v + 342 = 4*o. Is o a prime number?
False
Suppose -i = 2*i - 12. Suppose -i*t = -4534 + 1718. Suppose z + 0*o - 4*o - 137 = 0, -o - t = -5*z. Is z prime?
False
Let v be ((-9)/12)/(5/(-80)). Suppose 2*h - 6*q + q - 15 = 0, h - 4*q - v = 0. Suppose -2*k + 90 + 208 = h. Is k prime?
True
Let q(h) = 2 - h + 6 + 2*h. Let k be q(-6). Suppose 0 = k*s - 289 - 177. Is s a prime number?
True
Suppose -3*j + 125132 = -5*b, -5*b + 77764 = -5*j + 286334. Is j prime?
True
Let v(k) be the third derivative of 1/6*k**3 + 0*k - 6*k**2 + 0 - 1/2*k**4. Is v(-2) prime?
False
Let j be (-2 + -7)*3/(-3). Suppose -j = c - 10. Is c + 82 - 20/5 a prime number?
True
Let z = -2006 + 2227. Is z a prime number?
False
Let x = 1273 - 82. Is x composite?
True
Let f(n) = 237*n**2 - 3*n + 7. Is f(-3) prime?
False
Let f be (15/12)/(-2 - 10683/(-5340)). Suppose 2*j = -3*s + 4*j + f, 1462 = 2*s + 4*j. Is s a composite number?
False
Let m = 38 + -33. Suppose -611 = -4*t - 5*a, m*t - 3*a - 289 - 447 = 0. Is t prime?
True
Let t(c) be the first derivative of 29*c**2 - 6*c - 3. Let n be t(-7). Let q = 603 + n. Is q a composite number?
False
Let p be 6*1/6*4. Let d = -283 + 283. Suppose -596 = -d*r - p*r. Is r prime?
True
Is (16 - 4)*(-1)/((-28)/101129) a prime number?
False
Let p be ((-4)/9)/(8/(-36)). Suppose b = p - 0, 2*b = -u + 873. Is u a composite number?
True
Is (23/46)/((-3)/(-18786)) composite?
True
Let c = 55281 + -31766. Is c a prime number?
False
Suppose 0 = -5*c - 3*r + 4379, -3514 = -4*c - 0*c + 3*r. Suppose 0 = 4*w - 5*o - 3576, -w - 4*o = -o - c. Is w prime?
False
Suppose 0 = -2*s + 42 + 2. Let o = 33 + s. Is o prime?
False
Is 2 - 127970/(-30) - (-2)/(-3) a composite number?
True
Let f be 80/140 - 90/(-14). Let o(i) = 2*i**3 - 6*i**2 + 11*i - 6. Let x be o(f). Suppose t - 4*k = x, k + 1404 = 3*t + 4*k. Is t prime?
True
Let k be 549/(-6)*56/(-12). Suppose -3*p = 3*x - 849, -3*p + x - k = -1292. Is p composite?
True
Let a(d) = 3*d - 3. Let w be a(3). Let z = -10 + w. Is (3 + z)*1*-6 prime?
False
Suppose 0 = -7*u + 8*u - 72. Suppose -4*q = -u - 76. Is q a composite number?
False
Suppose 5*j - 120 = -5*g, -4*g + g = -5*j + 104. Suppose 5*f = 2*i + 7, 2 - j = -5*i. Is f prime?
True
Let m be (-495)/18*-2*3. Suppose 442 = -n - 5*w, -5*n = 4*w + 1029 + 1097. Let l = m - n. Is l composite?
False
Let z(y) = y**2 - 12*y + 2. Let m be z(6). Let r = 103 + m. Suppose -348 = -3*i - i - 2*o, -i + r = 5*o. Is i a composite number?
False
Suppose 4*z + 10 = 2*z. Let f be 8/40 + (-34)/z. Let y(c) = 3*c + 10. Is y(f) a composite number?
False
Suppose 9*q - 1145 = 4*q. Suppose q = j - 82. Is j composite?
False
Let y(l) = 4*l**2 + l + 6. Let r = 13 + -48. Let n = r + 32. Is y(n) a composite number?
True
Let n = -4 - -9. Suppose 1270 = 5*m - 3*u - u, -3*m + n*u + 762 = 0. Is m prime?
False
Let h be (-5 + 9)*(-6)/(-4). Suppose 3 = 3*c - h. Suppose c*b - 240 = 333. Is b a composite number?
False
Let h be (143 - 4) + 8/(-2). Let g(k) = -k**3 + 3*k**2 + 6*k - 4. Let f be g(4). Suppose -f*t - h = -691. Is t composite?
False
Let q = -13 + 15. Let w(b) = 0*b + 10*b**2 + 3 + 3*b**2 + 6*b - 9*b**q. Is w(-6) a composite number?
True
Suppose -3*q = -5*s - 3514 - 2898, 3*s - 10630 = -5*q. Is q a prime number?
True
Let z = -681 - -2714. Is z composite?
True
Is 7/(1 + -2) + 14 + 16404 composite?
False
Let a(h) = 77*h**2 + 7*h - 17. Is a(4) a composite number?
True
Let w(a) = 1077*a + 605. Is w(6) a prime number?
False
Let a(b) = -11*b + 89*b - 11*b - 3 + 165*b